t g be 3/(-2 + (-11)/(-4)). Suppose g*h + 0 + 16 = -5*m, -m + 3*h = -12. Is 2/(m - 2/(-3)) prime?
True
Let j(b) = -b**3 - 11*b**2 - 14*b + 4. Let p be j(-10). Suppose 2*u = -2*u + p. Is u prime?
True
Let q(m) be the third derivative of m**4/4 + m**3/6 + 2*m**2. Is q(6) a prime number?
True
Suppose 0 = 3*b, 5*b + 0*b = 4*t - 580. Is t a prime number?
False
Suppose 3*w = l - 3*l + 62, 4*l + 36 = 2*w. Is ((-82)/4)/((-2)/w) a prime number?
False
Let j be 6 - 9/3 - 4. Is 0/6 + (156 - j) a prime number?
True
Let b = 582 + -185. Is b prime?
True
Suppose 3*l - 117 = -3*s, -5*l = -4*s - 85 - 74. Let y be (1 + -1)/(-3) - -4. Suppose -j + l = y*j. Is j prime?
True
Let v be (3 + 15/(-6))*6. Suppose -198 = -v*a + 357. Is a a composite number?
True
Let o(l) = -5*l. Let c be o(-1). Suppose 290 = 2*v + 4*f, c*f - 79 = v - 238. Is v prime?
True
Let u(p) = -8*p + 1. Let t be u(4). Let k = -54 - t. Let i = -16 - k. Is i prime?
True
Let n = 23 - 42. Let d = 33 + n. Is d a composite number?
True
Is ((-40115)/(-6))/5 + 3/(-18) prime?
False
Is (-35676)/(-44) + -1 + 52/44 a composite number?
False
Suppose 2*l = 4*f - 8974, 4*f + 2123 = -l + 11106. Is f a composite number?
True
Let k(s) = 4*s - 6. Let r be k(4). Is (-3)/(-5) - (-1484)/r a prime number?
True
Suppose 3*v - 3 - 6 = 0. Suppose -2*g - 4*o + 8 = 0, -2*g + 4 = -g - v*o. Suppose 5*r - 179 = s, -g*r - 2*s + 97 = -r. Is r a composite number?
True
Is (8279/68)/(1/4) prime?
True
Let b(l) = -7*l + 1. Let a(d) = d. Let w be a(1). Let v be b(w). Let h = v - -40. Is h prime?
False
Let p(l) = 2*l**2 + 2*l + 1. Let v(y) = 7*y**2 + 9*y + 5. Let m(s) = -9*p(s) + 2*v(s). Let k be m(-1). Is ((-23)/(-4))/(k/(-12)) a prime number?
True
Suppose 4*l = -5*b - 1, -4*b + 1 = 5. Let h be (-4)/(-6) + (-238)/6. Is l*-1*h/1 a prime number?
False
Suppose -2*o - 3*r = -5*o + 441, 4*r - 8 = 0. Is o composite?
False
Let k(o) = 6*o**3 - 2 - o + 3*o**2 - o**2 + 2. Is k(1) a composite number?
False
Let l(t) = 4*t**3 + 4*t**2 - 5*t + 3. Is l(8) a composite number?
False
Suppose 4*u - 1 = 3. Is u*(-4)/((-4)/55) a composite number?
True
Suppose -4*r + 4*d = 496, 5*r - 6*d + 2*d + 621 = 0. Let h = r + 370. Suppose 3*c - h = -2*c. Is c a composite number?
True
Let g be (1 + -2 + 1)/(-1). Let x be (g - (9 + 0))/(-1). Is (x/6 - 1)*22 a prime number?
True
Suppose 1 = -s + 3. Suppose 5*y - s*y = 429. Is y a prime number?
False
Suppose 0 = -2*g + 57 + 95. Suppose -3*l = l - g. Is l a prime number?
True
Let r = 4091 - 1206. Is r a prime number?
False
Let j be 3/(-3) - (0 + -1). Suppose 5*z - 16 = 2*o, j*z - 5*z - 2 = 4*o. Suppose 7*u - 265 = z*u. Is u composite?
False
Suppose -3*r = -31*r + 25172. Is r composite?
True
Suppose -4*r - 1 = -c, -3*c + 5*r = -2*c. Suppose c*m - 76 = 19. Is m a prime number?
True
Let o(v) = -5*v + 3. Let d(r) = r**3 + 4*r**2 - 6*r + 5. Let j(m) = -2*m**3 - 8*m**2 + 11*m - 9. Let b(l) = 11*d(l) + 6*j(l). Let k be b(-3). Is o(k) composite?
False
Suppose 3*d = -5 + 122. Is d a composite number?
True
Suppose 3*o + o = 268. Is o prime?
True
Suppose -4*w + s + 163 = -174, 0 = -w + 4*s + 73. Is w a prime number?
False
Let h(g) = 12*g + 11. Is h(15) a composite number?
False
Let k(i) = i**2 - 7*i - 8. Let p be k(9). Let m(a) = 6*a - 14. Is m(p) prime?
False
Let v(k) = -3*k - 1. Let l be v(-3). Suppose -j + 5*j - l = 0. Suppose 0 = j*g - 0*g + i - 103, -3 = i. Is g a composite number?
False
Suppose -2*z - 45 = 11. Let j be (z - 0)*(-24)/28. Let u = 13 + j. Is u a composite number?
False
Suppose 7*w - 212 = -2*u + 2*w, 3*u + 2*w - 329 = 0. Is u prime?
False
Let t be 9/(3 - 3/2). Suppose -3*u + 24 = t. Let o(j) = 2*j**3 - 2*j**2 - 6*j + 7. Is o(u) a composite number?
False
Let f = 54 + -107. Let d = 76 + f. Is d a composite number?
False
Suppose 2*y + 8671 = 3*v, -3*y - y - 14449 = -5*v. Is v prime?
False
Let d be 4/(-14) - 37/(-7). Let a = -9 + d. Let k(b) = -16*b - 5. Is k(a) a prime number?
True
Let y be 0/3 + (-2 - -3). Let g = y + 0. Is g + 4/2 + 12 prime?
False
Suppose -2*n = -3*j - 0*n - 8, -5*j - 2*n + 8 = 0. Let k be j/1 - (-606)/(-3). Is k/(-8) - (-2)/(-8) composite?
True
Let l(z) = -10*z - 1. Is l(-6) a prime number?
True
Suppose 0 = 2*s + s - k - 835, s = 4*k + 260. Let c = s - 153. Is c a prime number?
True
Let l be 2920/6 + (-8)/12. Suppose -j + 18 = -4*q, 7*j - 5*q = 3*j + 28. Suppose j*u = 6*u - 2*m - l, -4*m - 20 = 0. Is u a composite number?
True
Suppose 4*o - 4*j + 524 = 0, 4*j - 6*j = -4*o - 534. Let t be (-4)/10 + o/(-40). Suppose 0 = -2*i - t*x + 200, 2*x = 5*x - 6. Is i a prime number?
True
Let i be (10 - 8) + (1 - 1). Let w(h) = 10 + 3*h**3 + 7*h - h**2 + h**3 - 3*h**3 - 7*h**i. Is w(7) composite?
True
Let m(j) = j**2 + 7*j + 13. Suppose -2*k - 3*k - 45 = 0. Is m(k) composite?
False
Is -28*(3 + (-43)/4) a prime number?
False
Let z(w) = 5*w + 12. Is z(11) a composite number?
False
Suppose 50 = -3*d + 146. Is d/5 - (-6)/10 a prime number?
True
Let z(s) = -40*s + 1. Let g(f) = -f**3 + f**2 + 3*f. Let a be g(3). Let m(x) = -x**3 - 9*x**2 + 2*x + 13. Let o be m(a). Is z(o) composite?
True
Let t(q) = -6*q - 12. Let s(j) = 3*j + 6. Let b(z) = 9*s(z) + 5*t(z). Is b(-7) a prime number?
False
Let d be 46/8 + (-4)/(-16). Let j = 11 - d. Suppose 2*k + 3*k - 295 = j*x, 2*x = -4*k + 236. Is k a prime number?
True
Suppose -3*i + 20 = -10. Suppose 0 = -0*u - 2*u + i. Suppose -2*n = a - 6, u*n - 3*a + 4 - 8 = 0. Is n a composite number?
False
Let j = 82 - 147. Let q = 18 - j. Is q composite?
False
Is ((-2435)/(-10) - 4)*2 a composite number?
False
Suppose -160 = -6*j + 2*j. Suppose j = 3*z - z. Suppose 37 = 3*r - z. Is r composite?
False
Let t(c) = -c**2 + 4*c + 4. Let g be t(4). Suppose -4*o + 23 = -5*v, -o - 4*o - g*v - 2 = 0. Let r(l) = 4*l - 1. Is r(o) a prime number?
True
Let a(f) = -f**3 + 15*f**2 + 18*f - 11. Suppose -4*y + 15 = -3*y. Is a(y) composite?
True
Suppose 2*h + 0*s + 5*s - 6890 = 0, 5*h - s - 17279 = 0. Is h a prime number?
False
Let h be (-13)/(-3) + 2/(-6). Let k = h - -10. Is k prime?
False
Let a(b) = -b**2 - 3*b + 8. Let o be a(-4). Suppose -9 = -o*l + 755. Is l a prime number?
True
Let p(t) = -t**2 + 2*t + 2. Let g be p(2). Suppose -5 = -g*o + i, -4*o - i = -2*o - 3. Suppose -5*h + 5*q = -170, -3*q - o*q + 78 = 3*h. Is h a prime number?
True
Is 32/(-8)*(1098/(-8) + -2) a composite number?
False
Let l be (4 + 0)/(4/6). Let c = l + -4. Suppose -n = c*n - 57. Is n composite?
False
Let b(k) = 0*k - 5*k**2 + 2*k - 6 + 11*k**2. Let p be b(8). Is (-1)/4 + p/8 a composite number?
True
Suppose -v + 3*b - 11 = 0, -v + 5*v = 2*b - 4. Is 0 - (0 + v - 15) prime?
False
Let j(a) = -a**3 + 8*a**2 - 11*a - 1. Let n be j(6). Suppose p = n*p - 184. Is p composite?
True
Let t(c) = -c**2 + 8*c + 14. Let o be t(10). Let m(l) = l**2 + 18*l - 7. Let h(i) = 2*i**2 + 37*i - 14. Let q(r) = 6*h(r) - 13*m(r). Is q(o) prime?
True
Suppose -14497 = -11*d - 1836. Is d prime?
True
Suppose -k + 29 + 50 = 0. Suppose 5*a - y + 5 = 0, 3*a - 4*y = -15 - 5. Suppose -x + a*x = -k. Is x prime?
True
Suppose 95 = 5*q - 100. Is q a prime number?
False
Let z = 100 + -3. Is z composite?
False
Let n = 5 + -3. Let t(c) = -c**2 + 4*c - 2. Let w be t(n). Suppose -w*v - 3*v + 30 = 0. Is v composite?
True
Let n = 147 - 82. Is n a composite number?
True
Let r = -502 + 207. Let i = r - -458. Is i a composite number?
False
Suppose -196 = -5*b - 4*r, -r + 16 = 3*r. Suppose -4*j - b - 76 = 0. Is (-383)/(-7) + (-8)/j a composite number?
True
Suppose -3*f + 267 = 5*k, f - 5 = -1. Is k composite?
True
Suppose 0*y + 15 = 3*y. Is 77 - (-3 + y + -2) prime?
False
Suppose 4*w + 1279 = o, 4*o + w - 5048 = -0*o. Is o a composite number?
True
Let o(t) = 3*t**3 + 5*t**2 - 12*t + 39. Is o(7) prime?
True
Suppose -f - 12 = x - 4*x, -4*f - 12 = -3*x. Let u(q) = -q**2 - q + 18. Let p be u(-5). Is 106/(p*(-2)/x) prime?
False
Let w(z) = z**2 + 6*z + 5. Let o be w(-5). Suppose o = 3*y - 5*y + 402. Is y a composite number?
True
Let k(i) = -i + 9. Let d be k(4). Suppose -2*r = -d*z + z + 24, 0 = 5*z - 25. Is r/10 + 255/25 prime?
False
Let k(u) be the third derivative of -u**5/60 - 5*u**4/24 + u**3/2 - u**2. Let v be k(-6). Is 60/2 - (v - -2) prime?
True
Let i(l) = -12*l + 15. Let n(k) = -13*k + 15. Let u(d) = -6*i(d) + 5*n(d). Is u(11) composite?
True
Let k = -12 - -8. Is 914/14